{"id":49,"date":"2019-03-27T16:05:46","date_gmt":"2019-03-27T16:05:46","guid":{"rendered":"https:\/\/cosmo-tel.padia.de\/?page_id=49"},"modified":"2019-06-26T16:19:10","modified_gmt":"2019-06-26T16:19:10","slug":"profil","status":"publish","type":"page","link":"https:\/\/cosmo-tel.de\/?page_id=49","title":{"rendered":"Profil"},"content":{"rendered":"\n<p>Schnell  und sicher mit der Welt vernetzt.  Mit innovativen Telekommunikationsl\u00f6sungen  von Vodafone, Telekom und Unitymedia b\u00fcndeln wir die ma\u00dfgeblichen  Kommunikationsmittel. Unser bestens  qualifiziertes Team gibt Ihnen auf jede Frage praktisch verwertbare  Antworten, h\u00e4lt eine F\u00fclle von Services parat und widmet sich pers\u00f6nlich  Ihren speziellen Anforderungen. Attraktive Sonderkonditionen, Betreuung vor Ort durch unser  fachkompetentes Team und Schulung inklusive. <\/p>\n\n\n\n<p>In \u00fcber 15 Jahren haben wir uns auf einem hei\u00df  umk\u00e4mpften Markt mit einer starken Position etabliert. Das hat seinen  guten Grund. Unser Erfolg und die t\u00e4glich wachsende Zahl begeisterter  Kunden geben uns recht.<\/p>\n","protected":false},"excerpt":{"rendered":"<p>Schnell und sicher mit der Welt vernetzt. Mit innovativen Telekommunikationsl\u00f6sungen von Vodafone, Telekom und Unitymedia b\u00fcndeln wir die ma\u00dfgeblichen Kommunikationsmittel. Unser bestens qualifiziertes Team gibt Ihnen auf jede Frage praktisch verwertbare Antworten, h\u00e4lt eine F\u00fclle von Services parat und widmet sich pers\u00f6nlich Ihren speziellen Anforderungen. Attraktive Sonderkonditionen, Betreuung vor Ort durch unser fachkompetentes Team und<\/p><\/div>\n<div class=\"blog-btn\"><a href=\"https:\/\/cosmo-tel.de\/?page_id=49\" class=\"home-blog-btn\">Weiterlesen<\/a><\/p>\n","protected":false},"author":1,"featured_media":0,"parent":0,"menu_order":0,"comment_status":"closed","ping_status":"closed","template":"","meta":{"footnotes":""},"class_list":["post-49","page","type-page","status-publish","hentry"],"_links":{"self":[{"href":"https:\/\/cosmo-tel.de\/index.php?rest_route=\/wp\/v2\/pages\/49","targetHints":{"allow":["GET"]}}],"collection":[{"href":"https:\/\/cosmo-tel.de\/index.php?rest_route=\/wp\/v2\/pages"}],"about":[{"href":"https:\/\/cosmo-tel.de\/index.php?rest_route=\/wp\/v2\/types\/page"}],"author":[{"embeddable":true,"href":"https:\/\/cosmo-tel.de\/index.php?rest_route=\/wp\/v2\/users\/1"}],"replies":[{"embeddable":true,"href":"https:\/\/cosmo-tel.de\/index.php?rest_route=%2Fwp%2Fv2%2Fcomments&post=49"}],"version-history":[{"count":3,"href":"https:\/\/cosmo-tel.de\/index.php?rest_route=\/wp\/v2\/pages\/49\/revisions"}],"predecessor-version":[{"id":339,"href":"https:\/\/cosmo-tel.de\/index.php?rest_route=\/wp\/v2\/pages\/49\/revisions\/339"}],"wp:attachment":[{"href":"https:\/\/cosmo-tel.de\/index.php?rest_route=%2Fwp%2Fv2%2Fmedia&parent=49"}],"curies":[{"name":"wp","href":"https:\/\/api.w.org\/{rel}","templated":true}]}}