{"id":55,"date":"2019-03-27T16:06:54","date_gmt":"2019-03-27T16:06:54","guid":{"rendered":"https:\/\/cosmo-tel.padia.de\/?page_id=55"},"modified":"2019-04-26T10:50:55","modified_gmt":"2019-04-26T10:50:55","slug":"mobilfunk","status":"publish","type":"page","link":"https:\/\/cosmo-tel.de\/?page_id=55","title":{"rendered":"Mobilfunk"},"content":{"rendered":"\t\t<div data-elementor-type=\"wp-post\" data-elementor-id=\"55\" class=\"elementor elementor-55\">\n\t\t\t\t\t\t<div class=\"elementor-inner\">\n\t\t\t\t<div class=\"elementor-section-wrap\">\n\t\t\t\t\t\t\t\t\t<section class=\"elementor-section elementor-top-section elementor-element elementor-element-253e49a6 elementor-section-boxed elementor-section-height-default elementor-section-height-default\" data-id=\"253e49a6\" data-element_type=\"section\">\n\t\t\t\t\t\t<div class=\"elementor-container elementor-column-gap-default\">\n\t\t\t\t\t\t\t<div class=\"elementor-row\">\n\t\t\t\t\t<div class=\"elementor-column elementor-col-100 elementor-top-column elementor-element elementor-element-1c6ac1d5\" data-id=\"1c6ac1d5\" data-element_type=\"column\">\n\t\t\t<div class=\"elementor-column-wrap elementor-element-populated\">\n\t\t\t\t\t\t\t<div class=\"elementor-widget-wrap\">\n\t\t\t\t\t\t<div class=\"elementor-element elementor-element-5ef4639d elementor-widget elementor-widget-text-editor\" data-id=\"5ef4639d\" data-element_type=\"widget\" data-widget_type=\"text-editor.default\">\n\t\t\t\t<div class=\"elementor-widget-container\">\n\t\t\t\t\t\t\t\t<div class=\"elementor-text-editor elementor-clearfix\">\n\t\t\t\t<p><!-- wp:paragraph --><\/p>\n<div><strong>Wir sind autorisierter Vertragspartner f\u00fcr alle Netze und k\u00f6nnen jeden Vertrag verl\u00e4ngern,<\/strong><strong> egal wo und bei wem Sie ihn unterschrieben haben.<\/strong><\/div>\n<div>\u2022 Vodafone \u2022 O2 \u2022 Telekom\u2022 Unitymedia\u2022 Otelo<\/div>\n<p><!-- \/wp:paragraph --><!-- wp:paragraph --><!-- \/wp:paragraph --><!-- wp:paragraph --><\/p>\n<p><strong>Autorisierter Fachh\u00e4ndler f\u00fcr iPhone, Android uvm.<\/strong>\u00a0<\/p>\n<div>\u2022 100.000 Apps <\/div>\n<div>\u2022 100.000 M\u00f6glichkeiten zum Steuern<\/div>\n<p><!-- \/wp:paragraph --><!-- wp:paragraph --><\/p>\n<p><strong>Wir f\u00fchren Original- und Qualit\u00e4tszubeh\u00f6r aller g\u00e4ngigen Hersteller, z.B.<\/strong>\u00a0<br \/>\u2022 Apple \u2022 Nokia \u2022 Sony \u2022 Samsung \u2022 Google \u2022 Huawei<\/p>\n<p><!-- \/wp:paragraph --><\/p>\t\t\t\t\t<\/div>\n\t\t\t\t\t\t<\/div>\n\t\t\t\t<\/div>\n\t\t\t\t\t\t<\/div>\n\t\t\t\t\t<\/div>\n\t\t<\/div>\n\t\t\t\t\t\t\t\t<\/div>\n\t\t\t\t\t<\/div>\n\t\t<\/section>\n\t\t\t\t\t\t\t\t\t<\/div>\n\t\t\t<\/div>\n\t\t\t\t\t<\/div>\n\t\t","protected":false},"excerpt":{"rendered":"<p>Wir sind autorisierter Vertragspartner f\u00fcr alle Netze und k\u00f6nnen jeden Vertrag verl\u00e4ngern, egal wo und bei wem Sie ihn unterschrieben haben. \u2022 Vodafone \u2022 O2 \u2022 Telekom\u2022 Unitymedia\u2022 Otelo Autorisierter Fachh\u00e4ndler f\u00fcr iPhone, Android uvm.\u00a0 \u2022 100.000 Apps \u2022 100.000 M\u00f6glichkeiten zum Steuern Wir f\u00fchren Original- und Qualit\u00e4tszubeh\u00f6r aller g\u00e4ngigen Hersteller, z.B.\u00a0\u2022 Apple \u2022 Nokia<\/p><\/div>\n<div class=\"blog-btn\"><a href=\"https:\/\/cosmo-tel.de\/?page_id=55\" class=\"home-blog-btn\">Weiterlesen<\/a><\/p>\n","protected":false},"author":1,"featured_media":0,"parent":0,"menu_order":0,"comment_status":"closed","ping_status":"closed","template":"","meta":{"footnotes":""},"class_list":["post-55","page","type-page","status-publish","hentry"],"_links":{"self":[{"href":"https:\/\/cosmo-tel.de\/index.php?rest_route=\/wp\/v2\/pages\/55","targetHints":{"allow":["GET"]}}],"collection":[{"href":"https:\/\/cosmo-tel.de\/index.php?rest_route=\/wp\/v2\/pages"}],"about":[{"href":"https:\/\/cosmo-tel.de\/index.php?rest_route=\/wp\/v2\/types\/page"}],"author":[{"embeddable":true,"href":"https:\/\/cosmo-tel.de\/index.php?rest_route=\/wp\/v2\/users\/1"}],"replies":[{"embeddable":true,"href":"https:\/\/cosmo-tel.de\/index.php?rest_route=%2Fwp%2Fv2%2Fcomments&post=55"}],"version-history":[{"count":4,"href":"https:\/\/cosmo-tel.de\/index.php?rest_route=\/wp\/v2\/pages\/55\/revisions"}],"predecessor-version":[{"id":254,"href":"https:\/\/cosmo-tel.de\/index.php?rest_route=\/wp\/v2\/pages\/55\/revisions\/254"}],"wp:attachment":[{"href":"https:\/\/cosmo-tel.de\/index.php?rest_route=%2Fwp%2Fv2%2Fmedia&parent=55"}],"curies":[{"name":"wp","href":"https:\/\/api.w.org\/{rel}","templated":true}]}}