{"id":64,"date":"2019-03-27T16:36:15","date_gmt":"2019-03-27T16:36:15","guid":{"rendered":"https:\/\/cosmo-tel.padia.de\/?page_id=64"},"modified":"2019-04-25T13:39:22","modified_gmt":"2019-04-25T13:39:22","slug":"elektronischer-schutzbrief","status":"publish","type":"page","link":"https:\/\/cosmo-tel.de\/?page_id=64","title":{"rendered":"Elektronischer Schutzbrief"},"content":{"rendered":"\t\t<div data-elementor-type=\"wp-post\" data-elementor-id=\"64\" class=\"elementor elementor-64\">\n\t\t\t\t\t\t<div class=\"elementor-inner\">\n\t\t\t\t<div class=\"elementor-section-wrap\">\n\t\t\t\t\t\t\t\t\t<section class=\"elementor-section elementor-top-section elementor-element elementor-element-7ca61cb elementor-section-boxed elementor-section-height-default elementor-section-height-default\" data-id=\"7ca61cb\" data-element_type=\"section\">\n\t\t\t\t\t\t<div class=\"elementor-container elementor-column-gap-default\">\n\t\t\t\t\t\t\t<div class=\"elementor-row\">\n\t\t\t\t\t<div class=\"elementor-column elementor-col-100 elementor-top-column elementor-element elementor-element-c709783\" data-id=\"c709783\" data-element_type=\"column\">\n\t\t\t<div class=\"elementor-column-wrap\">\n\t\t\t\t\t\t\t<div class=\"elementor-widget-wrap\">\n\t\t\t\t\t\t\t\t<\/div>\n\t\t\t\t\t<\/div>\n\t\t<\/div>\n\t\t\t\t\t\t\t\t<\/div>\n\t\t\t\t\t<\/div>\n\t\t<\/section>\n\t\t\t\t<section class=\"elementor-section elementor-top-section elementor-element elementor-element-e1a2826 elementor-section-boxed elementor-section-height-default elementor-section-height-default\" data-id=\"e1a2826\" data-element_type=\"section\">\n\t\t\t\t\t\t<div class=\"elementor-container elementor-column-gap-default\">\n\t\t\t\t\t\t\t<div class=\"elementor-row\">\n\t\t\t\t\t<div class=\"elementor-column elementor-col-100 elementor-top-column elementor-element elementor-element-d85ad7f\" data-id=\"d85ad7f\" data-element_type=\"column\">\n\t\t\t<div class=\"elementor-column-wrap elementor-element-populated\">\n\t\t\t\t\t\t\t<div class=\"elementor-widget-wrap\">\n\t\t\t\t\t\t<div class=\"elementor-element elementor-element-91ab379 elementor-widget elementor-widget-text-editor\" data-id=\"91ab379\" data-element_type=\"widget\" data-widget_type=\"text-editor.default\">\n\t\t\t\t<div class=\"elementor-widget-container\">\n\t\t\t\t\t\t\t\t<div class=\"elementor-text-editor elementor-clearfix\">\n\t\t\t\t<div id=\"c920\" class=\"csc-default\"><ul><li>Ein Schaden ist schnell geschehen und kommt dem Besitzer oftmals teuer zu stehen: Fl\u00fcssigkeit in Elektronikger\u00e4ten f\u00fchrt in vielen F\u00e4llen direkt zum Totalschaden, vor allem bei Handys, Tablets und Laptops. Auch Sturzsch\u00e4den gibt es immer wieder \u2013 von Defekten aufgrund unsachgem\u00e4\u00dfer Handhabung oder einfach durch Verschlei\u00df ganz zu schweigen. Keine Angst mehr vor Sch\u00e4den und hohen Reparaturkosten \u2013 auch bei unsachgem\u00e4\u00dfem Gebrauch und bis lange nach Ablauf der gesetzlichen Gew\u00e4hrleistung.<\/li><li>WERTGARANTIE ersetzt im Schadenfall anfallende Reparaturkosten \u2013 bei allen mobilen und station\u00e4ren Elektroger\u00e4ten unterwegs und in Ihren privaten vier W\u00e4nden mit einem Wert von bis zu 6.000 Euro und bei Smartphones mit einem Wert von bis zu 3.000 Euro.<\/li><li>Mehr als 2 Millionen Kunden vertrauen heute schon auf unsere erweiterte Garantiedienstleistung und sind sehr zufrieden mit unserer schnellen und einfachen Schadenregulierung. Das best\u00e4tigt \u00fcbrigens auch die unabh\u00e4ngige T\u00dcV Rheinland Group.<\/li><\/ul><\/div>\t\t\t\t\t<\/div>\n\t\t\t\t\t\t<\/div>\n\t\t\t\t<\/div>\n\t\t\t\t\t\t<\/div>\n\t\t\t\t\t<\/div>\n\t\t<\/div>\n\t\t\t\t\t\t\t\t<\/div>\n\t\t\t\t\t<\/div>\n\t\t<\/section>\n\t\t\t\t\t\t\t\t\t<\/div>\n\t\t\t<\/div>\n\t\t\t\t\t<\/div>\n\t\t","protected":false},"excerpt":{"rendered":"<p>Ein Schaden ist schnell geschehen und kommt dem Besitzer oftmals teuer zu stehen: Fl\u00fcssigkeit in Elektronikger\u00e4ten f\u00fchrt in vielen F\u00e4llen direkt zum Totalschaden, vor allem bei Handys, Tablets und Laptops. Auch Sturzsch\u00e4den gibt es immer wieder \u2013 von Defekten aufgrund unsachgem\u00e4\u00dfer Handhabung oder einfach durch Verschlei\u00df ganz zu schweigen. Keine Angst mehr vor Sch\u00e4den und<\/p><\/div>\n<div class=\"blog-btn\"><a href=\"https:\/\/cosmo-tel.de\/?page_id=64\" class=\"home-blog-btn\">Weiterlesen<\/a><\/p>\n","protected":false},"author":1,"featured_media":0,"parent":0,"menu_order":0,"comment_status":"closed","ping_status":"closed","template":"","meta":{"footnotes":""},"class_list":["post-64","page","type-page","status-publish","hentry"],"_links":{"self":[{"href":"https:\/\/cosmo-tel.de\/index.php?rest_route=\/wp\/v2\/pages\/64","targetHints":{"allow":["GET"]}}],"collection":[{"href":"https:\/\/cosmo-tel.de\/index.php?rest_route=\/wp\/v2\/pages"}],"about":[{"href":"https:\/\/cosmo-tel.de\/index.php?rest_route=\/wp\/v2\/types\/page"}],"author":[{"embeddable":true,"href":"https:\/\/cosmo-tel.de\/index.php?rest_route=\/wp\/v2\/users\/1"}],"replies":[{"embeddable":true,"href":"https:\/\/cosmo-tel.de\/index.php?rest_route=%2Fwp%2Fv2%2Fcomments&post=64"}],"version-history":[{"count":9,"href":"https:\/\/cosmo-tel.de\/index.php?rest_route=\/wp\/v2\/pages\/64\/revisions"}],"predecessor-version":[{"id":360,"href":"https:\/\/cosmo-tel.de\/index.php?rest_route=\/wp\/v2\/pages\/64\/revisions\/360"}],"wp:attachment":[{"href":"https:\/\/cosmo-tel.de\/index.php?rest_route=%2Fwp%2Fv2%2Fmedia&parent=64"}],"curies":[{"name":"wp","href":"https:\/\/api.w.org\/{rel}","templated":true}]}}